t w(l) = -l**3 - 12*l**2 - 3*l + 57. What is the remainder when w(0) is divided by 38?
19
Suppose -z - o = -30 + 40, 3*z + 4*o = -25. Let q = z + 61. Calculate the remainder when 596 is divided by q.
44
Let g(q) = 457*q**2 - 5*q + 8. Calculate the remainder when g(3) is divided by 7.
4
Let d = -284 - -964. Suppose -33*y + 16*y = -d. Calculate the remainder when y is divided by 6.
4
Let q(l) = 19*l - 25. Let w(d) = -12*d + 18. Let h(t) = 5*q(t) + 8*w(t). Calculate the remainder when 69 is divided by h(1).
15
Suppose -4*k - 540 = -5*m, -3*m - 2*m + k = -525. Suppose 5*r + 69 = m. Suppose -3*u + r*u - 148 = 0. Calculate the remainder when u is divided by 13.
11
Let r = -242 + 381. Suppose 975*h - 5*z = 970*h + 50, 5*h = -3*z + 82. Calculate the remainder when r is divided by h.
13
What is the remainder when 1/(-8) + ((-704040)/(-320) - 29) is divided by 32?
27
Let b(s) = s**3 + 25*s**2 + 120*s + 23. Calculate the remainder when b(-11) is divided by 19.
17
Suppose -7*h + 871 - 234 = 0. Suppose h + 161 = 12*b. What is the remainder when 101 is divided by b?
17
Let c be (-24)/(-10) - 16/40. Suppose c*k + k - 252 = 0. Let r(u) = -u**3 + 14*u**2 - 22*u - 7. Calculate the remainder when k is divided by r(12).
16
Suppose 3*h = 6*h - 3, -2*u - 3*h + 31 = 0. Calculate the remainder when 163 is divided by u.
9
Let f(x) = -2*x + 1. Let i be f(2). Let o = -835 + 874. Calculate the remainder when o is divided by 3/9*i - -11.
9
Suppose p - 34 = 67. Let u = p - 77. Let a = u + -9. What is the remainder when 25 is divided by a?
10
Let b = -31389 - -31408. What is the remainder when 6097 is divided by b?
17
Suppose 5*k + 4581 = 4601, 1572 = 4*n + 2*k. What is the remainder when 1204 is divided by n?
31
Suppose -13*w = w + 9*w - 138. What is the remainder when -6*(-2)/66 + 8928/22 is divided by w?
4
Let b(n) be the second derivative of -n**3 - 43*n**2/2 + n + 34. What is the remainder when 242 is divided by b(-14)?
37
Let t be -3*(32/(-6) - -4). Suppose 3*k - 7*k = t. What is the remainder when 50 is divided by (-12)/k*(0 + (-6)/(-4))?
14
Let l(r) = r**2 + r - 6. Let a be (-1 + 44)*(-2)/(-2). Suppose -5*g - 7 = a. Calculate the remainder when l(g) is divided by 29.
26
Let i be (47/2)/(0 - (-7)/84). Suppose -l = -3*b - i, b + 587 = 5*l - 823. Calculate the remainder when l is divided by 15.
12
Let d = 0 + 2. Suppose 3*n - 5*p = 97, -p - 84 = -d*n - 24. Suppose 144 = 2*g + 7*g. What is the remainder when n is divided by g?
13
Let v(g) = -g**3 + 11*g**2 - 16*g + 15. Let h be v(9). Let o(a) = a**2 - 30*a - 87. What is the remainder when 95 is divided by o(h)?
11
Let x = -2186 + 2255. Let j = 118 + -99. Calculate the remainder when x is divided by j.
12
Calculate the remainder when 2749 is divided by (-258900)/(-1800) + 1/6.
13
Let c be 73 + -2 + 0/2. Let u = 294 + -238. Let k = c - u. Calculate the remainder when 28 is divided by k.
13
Calculate the remainder when 1606 is divided by (1 - -4) + (783 - 0) + -4.
38
Let d = -57 - -90. Calculate the remainder when 48117/817 + (6 - 0) + 6/57 is divided by d.
32
Let i(m) = 8*m - 3. Let c(h) = 3*h**2 + 18*h - 6. Let z(g) = -g**2 + 5*g - 10. Let l be z(5). Calculate the remainder when c(l) is divided by i(2).
10
Let a be 3 + 2 + (107 - (-3 + 7)). Let s = 135 - a. What is the remainder when s is divided by 4 - 33/(-3 - 0)?
12
Let b(j) = j**3 - 31*j**2 + 53*j + 57. Calculate the remainder when b(31) is divided by 71.
67
Let a = 548 - 539. Calculate the remainder when 530/3 + 12/a is divided by 45.
43
Suppose -3*u + 347 = 4*g, -3*u - 3*g = -u - 230. Let y = u + -111. Calculate the remainder when (-2)/(-3)*735/y is divided by 18.
13
Let p = 215 - 238. What is the remainder when 89 is divided by (1 - -17) + 28 + p?
20
What is the remainder when 354 is divided by 142*-1*134/(-268)?
70
Let j be -3*2/6*-13. Suppose -11 = -3*a + j. Let f = a - 3. Calculate the remainder when 22 is divided by f.
2
Let g = 4333 + -4302. Calculate the remainder when 38 is divided by g.
7
Let i be 16/32*(-6)/2*2. Calculate the remainder when (i + 1)*(-1 - (23 + 2)) is divided by 30.
22
Let q = 2226 - -881. What is the remainder when q is divided by 111?
110
Let g = -207 + 210. Suppose -3*v + c + 19 + 3 = 0, g*c + 24 = 2*v. Calculate the remainder when 135 is divided by v.
3
Let l = 7741 - 7678. What is the remainder when 3968 is divided by l?
62
Let n = -5901 + 5905. What is the remainder when 847 is divided by n?
3
Let a(i) = -i**2 - 16*i - 3. Let v be (-1 + (-6 - -2))*(2 - 1). What is the remainder when ((-1)/(-1))/(1/150) is divided by a(v)?
46
Let q = -27115 - -27473. What is the remainder when 677 is divided by q?
319
Let n be 67 + -63 + (0 - 1 - -1657). Calculate the remainder when -3 + n/8*(-24)/(-30) is divided by 55.
53
Let n = 21 + -6. Let x be 5*(8/5 - 1). Suppose -x*v = 14*v - 1003. What is the remainder when v is divided by n?
14
Let i be (-535)/(-2)*1*(4 + -2). Suppose 0 = -10*g + i + 145. Suppose h + 5*l = g, 0 = -3*l + 2*l + 5. What is the remainder when h is divided by 13?
4
Suppose -31 = 11*k - 273. Suppose 0 = -3*p + 9, 2*p - 3*p + 1311 = 4*z. Calculate the remainder when z is divided by k.
19
Let l(h) = 282*h - 1014. Calculate the remainder when 443 is divided by l(4).
101
Suppose -78*n = -97*n + 95. Suppose -4*a + 57 = z, n*z - 2*z = a + 158. Calculate the remainder when 177 is divided by z.
18
Suppose -35*h + 4893 = -497. Suppose -q = 3*t - 277, -5*q + t + 661 = -772. Let i = q - h. Calculate the remainder when i is divided by 19.
18
Let o(f) = 24*f**2 - f - 1. Suppose -3*i + 1027 = 5*t, t + 8*i - 10*i - 208 = 0. Suppose 0 = 7*z - t - 109. What is the remainder when z is divided by o(-1)?
21
Let m(a) = 3*a**2 + 103*a + 741. Calculate the remainder when 854 is divided by m(-25).
34
Let v = -277 - -277. Suppose 7*r - 450 - 565 = v. Calculate the remainder when r is divided by 38.
31
Let m = -10 - -24. Calculate the remainder when m is divided by (42/(-49))/(((-3)/42)/(8/12)).
6
Let u = 504 - 8. What is the remainder when (-2)/3 - (-15)/(90/u) is divided by 28?
26
Suppose -12 = -4*k + 5*f - 4*f, 4*k - 2*f - 8 = 0. Suppose 19*d + k*p + 199 = 24*d, -5*d = -5*p - 195. Calculate the remainder when d is divided by 42.
1
Calculate the remainder when ((-18)/5)/(143/(-2055) + 17/255) is divided by 21.
15
Let m = 14 + -14. Suppose m = -27*d + 28*d - 3. Let b(t) = -t**2 + t + 48. What is the remainder when b(-6) is divided by d?
0
Let i(q) = -4*q + 162. Let m be i(36). Suppose 10*p + 672 = m*p. Calculate the remainder when 332 is divided by p.
80
Suppose -x = 2 - 13. Let i be 8/10*(-165)/(-22). Calculate the remainder when 1*(-2)/i*-159 is divided by x.
9
Suppose -27*a = -26*a - 59. Suppose 0 = -4*h + 7*h - 15. Suppose -2*t = n + 3*n - 56, -h*t + 20 = 2*n. What is the remainder when a is divided by n?
14
Let r = 9554 + -8991. Calculate the remainder when r is divided by 39.
17
Suppose 2*k = 10*k. Let w be 31 + k/(-5) + 1. Suppose w*i = 37*i - 270. Calculate the remainder when i is divided by 5.
4
Let c = 242 + -200. Suppose -3*r + b - 41 + c = 0, 0 = 3*r - 3*b + 9. Suppose 4*u - 31 = -7. What is the remainder when u is divided by r?
0
Let f = -7012 - -7246. Calculate the remainder when 359 is divided by f.
125
Suppose 8*n = 6*n - 12. Calculate the remainder when 78*(26/n + 6) is divided by 33.
31
Let x = 29434 - 27956. Calculate the remainder when x is divided by 74.
72
Let z(q) = -q**2 + 202*q - 1156. Calculate the remainder when 170 is divided by z(6).
10
Suppose 392*d - 84 = 385*d. What is the remainder when 466 is divided by d?
10
Suppose -d + 3 = -4*l, -33*l - 6 = -2*d - 32*l. Suppose -4*u = 5*p - 74, -4*u = -0*p + d*p - 38. Calculate the remainder when 87 is divided by p.
15
Suppose -46*f + 43*f = 2*b - 627, -6*b - 3*f = -1839. Calculate the remainder when b is divided by 36.
15
Suppose 2*s = 67 - 57. Let n be 3 + -13 + s - -9. Suppose n*l = g - 13 - 6, l = 5. What is the remainder when 74 is divided by g?
35
Let i(u) = u**3 - 45*u**2 + 100*u - 109. Calculate the remainder when i(43) is divided by 38.
37
Let o(p) = p**3 + 98*p**2 + 110*p + 1343. What is the remainder when 5996 is divided by o(-97)?
10
Suppose 123*r - 140*r + 867 = 0. What is the remainder when 112 is divided by r?
10
Suppose -14378 + 1857 = -19*l. What is the remainder 